at is the highest common factor of 526 and 5176629?
263
What is the highest common factor of 36 and 99804?
12
Calculate the highest common divisor of 1599 and 9881.
41
Calculate the highest common factor of 1032462 and 410.
82
What is the greatest common divisor of 950150 and 200?
50
What is the greatest common divisor of 359804 and 307?
307
What is the highest common factor of 25281 and 54?
9
What is the greatest common factor of 607100 and 260?
260
Calculate the greatest common divisor of 28 and 1036322.
14
Calculate the greatest common factor of 954 and 2650.
106
Calculate the greatest common divisor of 20 and 2379110.
10
Calculate the greatest common factor of 310 and 26195.
155
What is the highest common divisor of 970 and 90986?
194
Calculate the highest common divisor of 63 and 392283.
9
Calculate the greatest common factor of 2600 and 78.
26
What is the greatest common factor of 52768 and 13600?
544
Calculate the greatest common factor of 6344 and 188856.
488
What is the greatest common divisor of 158229 and 18?
9
Calculate the highest common factor of 1650 and 200.
50
Calculate the highest common factor of 30704 and 8512.
304
What is the greatest common divisor of 19359 and 8843?
239
Calculate the greatest common divisor of 4292748 and 36.
36
What is the highest common divisor of 1500879 and 68?
17
What is the highest common factor of 12700 and 200?
100
What is the highest common divisor of 297 and 18117?
297
Calculate the highest common factor of 104637 and 78.
39
Calculate the highest common divisor of 333 and 825729.
111
Calculate the greatest common divisor of 756 and 14.
14
What is the greatest common factor of 10963 and 152?
19
Calculate the greatest common factor of 347 and 2758997.
347
What is the greatest common factor of 1622 and 38117?
811
Calculate the highest common divisor of 4366 and 117956.
74
What is the highest common divisor of 525 and 41370?
105
What is the highest common factor of 969 and 35511?
57
What is the highest common factor of 22048 and 371?
53
What is the highest common factor of 112945 and 735?
245
Calculate the highest common factor of 76 and 796.
4
Calculate the greatest common factor of 2334276 and 7693.
1099
Calculate the greatest common factor of 12087 and 2703.
51
Calculate the greatest common divisor of 146 and 432598.
146
What is the greatest common factor of 1207312 and 3711?
1237
Calculate the highest common divisor of 706134 and 132.
66
Calculate the highest common divisor of 2 and 77463.
1
Calculate the highest common divisor of 50734 and 2.
2
Calculate the greatest common divisor of 80886 and 10387.
221
What is the highest common divisor of 9273 and 627?
33
Calculate the highest common divisor of 201422 and 1778.
254
Calculate the greatest common divisor of 1360 and 156060.
340
What is the greatest common divisor of 860 and 244025?
215
What is the highest common divisor of 133812 and 405?
81
Calculate the highest common divisor of 10 and 76350.
10
What is the greatest common divisor of 73352 and 36?
4
What is the greatest common divisor of 252 and 96684?
84
Calculate the greatest common factor of 148 and 9879.
37
Calculate the highest common divisor of 301288 and 104.
104
What is the greatest common factor of 897 and 2050841?
299
What is the greatest common divisor of 18317 and 1079?
13
What is the highest common factor of 658 and 2444?
94
What is the highest common divisor of 1723045 and 46?
23
What is the highest common factor of 244 and 972?
4
Calculate the greatest common divisor of 62 and 80042.
62
Calculate the greatest common divisor of 59703 and 231.
21
Calculate the highest common factor of 882819 and 1134.
567
What is the highest common divisor of 2412 and 6231?
201
What is the greatest common factor of 1618176 and 602?
602
What is the highest common factor of 336 and 9618?
42
What is the greatest common factor of 2529 and 405?
9
What is the greatest common divisor of 22208 and 256?
64
What is the highest common factor of 99 and 210888?
9
Calculate the highest common divisor of 320773 and 68.
17
Calculate the highest common divisor of 26452 and 1768.
68
What is the greatest common divisor of 148204 and 56?
28
Calculate the highest common factor of 35 and 300965.
35
Calculate the highest common factor of 164 and 173471.
41
Calculate the highest common factor of 4008 and 264.
24
Calculate the highest common factor of 14117 and 3439.
19
Calculate the highest common factor of 553 and 24066.
7
Calculate the greatest common divisor of 193 and 1131173.
193
Calculate the highest common factor of 99584 and 512.
256
Calculate the highest common factor of 77 and 141053.
11
Calculate the highest common divisor of 52808 and 16.
8
What is the greatest common factor of 255205 and 1075?
215
Calculate the greatest common factor of 10 and 1234.
2
What is the highest common divisor of 627 and 11418?
33
What is the highest common factor of 7021 and 4661?
59
Calculate the highest common divisor of 4 and 14116.
4
What is the highest common divisor of 11978 and 2650?
106
What is the highest common factor of 688 and 16496?
16
What is the greatest common factor of 27398 and 11227?
103
What is the greatest common divisor of 6631 and 171?
19
Calculate the highest common factor of 11390 and 250915.
335
Calculate the greatest common factor of 6816 and 1024.
32
Calculate the highest common factor of 936 and 1599.
39
What is the highest common divisor of 408 and 2142?
102
Calculate the greatest common factor of 273117 and 4917.
447
What is the greatest common divisor of 1086 and 619020?
1086
Calculate the greatest common factor of 476 and 349979.
119
What is the greatest common factor of 1552 and 2347400?
776
What is the greatest common divisor of 6 and 33468?
6
What is the highest common divisor of 4948 and 2010125?
1237
What is the greatest common divisor of 25830 and 49?
7
What is the greatest common divisor of 3645 and 555?
15
What is the highest common divisor of 1328503 and 506?
253
Calculate the greatest common divisor of 20352 and 7950.
318
What is the highest common factor of 300 and 1350?
150
Calculate the highest common divisor of 65000 and 820.
20
What is the greatest common factor of 2702 and 9843?
193
What is the greatest common factor of 4080 and 19392?
48
What is the greatest common divisor of 27037 and 190?
19
Calculate the greatest common factor of 24800 and 264740.
620
Calculate the greatest common factor of 687 and 911420.
229
Calculate the greatest common factor of 45 and 2061.
9
What is the highest common factor of 8193388 and 98?
98
What is the greatest common divisor of 288 and 14544?
144
What is the greatest common factor of 157206 and 78?
6
What is the greatest common divisor of 768 and 28176?
48
Calculate the greatest common divisor of 13482 and 35868.
42
Calculate the greatest common divisor of 14340 and 132884.
956
What is the highest common factor of 9130 and 3135?
55
Calculate the highest common divisor of 96545 and 5.
5
Calculate the greatest common divisor of 195 and 95745.
195
Calculate the highest common divisor of 187724 and 568.
284
Calculate the highest common factor of 36 and 22254.
6
Calculate the highest common divisor of 137028 and 444.
12
Calculate the highest common divisor of 741 and 16378.
19
Calculate the greatest common divisor of 455040 and 90.
90
Calculate the highest common factor of 2618 and 28.
14
Calculate the greatest common factor of 48 and 2529136.
16
What is the greatest common factor of 52 and 283933?
13
What is the greatest common factor of 109 and 389?
1
Calculate the highest common divisor of 15234 and 18.
6
What is the greatest common factor of 18345 and 1365?
15
Calculate the highest common factor of 13272 and 8904.
168
What is the highest common divisor of 1016928 and 96?
96
What is the highest common factor of 133492 and 92?
92
What is the highest common divisor of 5340 and 1320?
60
Calculate the greatest common factor of 477885 and 135.
15
What is the greatest common divisor of 6588 and 25650?
54
What is the highest common factor of 55 and 4236529?
11
Calculate the highest common divisor of 2706588 and 76.
76
Calculate the greatest common factor of 635 and 968375.
635
Calculate the greatest common divisor of 832 and 73424.
208
What is the hi